{"id":916,"date":"2024-05-19T16:42:52","date_gmt":"2024-05-19T15:42:52","guid":{"rendered":"https:\/\/lequotidien-deconstantine.dz\/?page_id=916"},"modified":"2024-05-19T16:44:14","modified_gmt":"2024-05-19T15:44:14","slug":"qui-sommes-nous","status":"publish","type":"page","link":"https:\/\/lequotidien-deconstantine.dz\/?page_id=916","title":{"rendered":"Qui sommes nous"},"content":{"rendered":"\n<figure class=\"wp-block-image size-large is-resized\"><img loading=\"lazy\" decoding=\"async\" width=\"1024\" height=\"232\" src=\"https:\/\/lequotidien-deconstantine.dz\/wp-content\/uploads\/2023\/05\/logoqdc-1-1024x232.png\" alt=\"\" class=\"wp-image-784\" style=\"width:664px;height:auto\" srcset=\"https:\/\/lequotidien-deconstantine.dz\/wp-content\/uploads\/2023\/05\/logoqdc-1-1024x232.png 1024w, https:\/\/lequotidien-deconstantine.dz\/wp-content\/uploads\/2023\/05\/logoqdc-1-300x68.png 300w, https:\/\/lequotidien-deconstantine.dz\/wp-content\/uploads\/2023\/05\/logoqdc-1-768x174.png 768w, https:\/\/lequotidien-deconstantine.dz\/wp-content\/uploads\/2023\/05\/logoqdc-1-696x158.png 696w, https:\/\/lequotidien-deconstantine.dz\/wp-content\/uploads\/2023\/05\/logoqdc-1-1068x242.png 1068w, https:\/\/lequotidien-deconstantine.dz\/wp-content\/uploads\/2023\/05\/logoqdc-1.png 1235w\" sizes=\"auto, (max-width: 1024px) 100vw, 1024px\" \/><\/figure>\n\n\n\n<p class=\"has-vivid-red-color has-text-color has-link-color wp-elements-b5aa48427131324a0ba6ff8e95dac7a7\"><em>Whe shall Never Surender !<\/em><\/p>\n\n\n\n<p>Ainsi discourait le g\u00e9ant Winston Churchill. Le Quotidien de Constantine fait sienne<br>cette c\u00e9l\u00e8bre r\u00e9plique qui symbolise le combat ininterrompu pour la libert\u00e9, la paix et<br>une ode contre l\u2019injustice.<br>Le Quotidien de Constantine est une publication r\u00e9publicaine. Sa ligne \u00e9ditoriale est<br>faite de neutralit\u00e9 politique, d\u2019engagement patriotique et de proximit\u00e9 avec son<br>lectorat.<\/p>\n\n\n\n<p>Samir BOUZIDI<br>Directeur de publication<\/p>\n","protected":false},"excerpt":{"rendered":"<p>Whe shall Never Surender ! Ainsi discourait le g\u00e9ant Winston Churchill. Le Quotidien de Constantine fait siennecette c\u00e9l\u00e8bre r\u00e9plique qui symbolise le combat ininterrompu pour la libert\u00e9, la paix etune ode contre l\u2019injustice.Le Quotidien de Constantine est une publication r\u00e9publicaine. Sa ligne \u00e9ditoriale estfaite de neutralit\u00e9 politique, d\u2019engagement patriotique et de proximit\u00e9 avec sonlectorat. Samir [&hellip;]<\/p>\n","protected":false},"author":3,"featured_media":0,"parent":0,"menu_order":0,"comment_status":"closed","ping_status":"closed","template":"","meta":{"footnotes":""},"class_list":["post-916","page","type-page","status-publish"],"_links":{"self":[{"href":"https:\/\/lequotidien-deconstantine.dz\/index.php?rest_route=\/wp\/v2\/pages\/916","targetHints":{"allow":["GET"]}}],"collection":[{"href":"https:\/\/lequotidien-deconstantine.dz\/index.php?rest_route=\/wp\/v2\/pages"}],"about":[{"href":"https:\/\/lequotidien-deconstantine.dz\/index.php?rest_route=\/wp\/v2\/types\/page"}],"author":[{"embeddable":true,"href":"https:\/\/lequotidien-deconstantine.dz\/index.php?rest_route=\/wp\/v2\/users\/3"}],"replies":[{"embeddable":true,"href":"https:\/\/lequotidien-deconstantine.dz\/index.php?rest_route=%2Fwp%2Fv2%2Fcomments&post=916"}],"version-history":[{"count":2,"href":"https:\/\/lequotidien-deconstantine.dz\/index.php?rest_route=\/wp\/v2\/pages\/916\/revisions"}],"predecessor-version":[{"id":918,"href":"https:\/\/lequotidien-deconstantine.dz\/index.php?rest_route=\/wp\/v2\/pages\/916\/revisions\/918"}],"wp:attachment":[{"href":"https:\/\/lequotidien-deconstantine.dz\/index.php?rest_route=%2Fwp%2Fv2%2Fmedia&parent=916"}],"curies":[{"name":"wp","href":"https:\/\/api.w.org\/{rel}","templated":true}]}}